{"id":49311,"date":"2020-09-23T11:56:09","date_gmt":"2020-09-23T09:56:09","guid":{"rendered":"http:\/\/feina.jovesilles.net\/contacto\/"},"modified":"2020-10-05T12:07:30","modified_gmt":"2020-10-05T10:07:30","slug":"contacto","status":"publish","type":"page","link":"https:\/\/feina.jovesilles.net\/es\/contacto\/","title":{"rendered":"Contacto"},"content":{"rendered":"<p>[et_pb_section fb_built=\u00bb1&#8243; _builder_version=\u00bb4.5.2&#8243; _module_preset=\u00bbdefault\u00bb custom_padding=\u00bb0px|||||\u00bb][et_pb_row column_structure=\u00bb2_5,3_5&#8243; _builder_version=\u00bb4.5.2&#8243; _module_preset=\u00bbdefault\u00bb custom_padding=\u00bb0px|||||\u00bb][et_pb_column type=\u00bb2_5&#8243; _builder_version=\u00bb4.5.2&#8243; _module_preset=\u00bbdefault\u00bb custom_padding=\u00bb24px|33px|22px|33px|false|true\u00bb border_width_right=\u00bb1px\u00bb border_color_right=\u00bb#bababa\u00bb][et_pb_image src=\u00bbhttp:\/\/feina.jovesilles.net\/wp-content\/uploads\/2020\/09\/main-contact-logo.png\u00bb title_text=\u00bbmain-contact-logo\u00bb _builder_version=\u00bb4.5.2&#8243; _module_preset=\u00bbdefault\u00bb custom_margin=\u00bb||||false|false\u00bb custom_padding=\u00bb||||false|false\u00bb border_color_right=\u00bb#bcbcbc\u00bb][\/et_pb_image][\/et_pb_column][et_pb_column type=\u00bb3_5&#8243; _builder_version=\u00bb4.5.2&#8243; _module_preset=\u00bbdefault\u00bb][et_pb_text _builder_version=\u00bb4.5.2&#8243; _module_preset=\u00bbdefault\u00bb text_font=\u00bb|300|||||||\u00bb text_font_size=\u00bb13px\u00bb link_text_color=\u00bb#000000&#8243; link_font_size=\u00bb14px\u00bb header_2_font=\u00bb||||||||\u00bb header_2_font_size=\u00bb18px\u00bb header_2_line_height=\u00bb1.2em\u00bb custom_padding=\u00bb|||26px|false|false\u00bb]<\/p>\n<h2>Centro Balear de Informaci\u00f3n y Documentaci\u00f3n para la Juventud<\/h2>\n<p><span>Vel\u00f2drom Illes Balears \u2013 C\/ de l\u2019Uruguai, s\/n \u2013 07010 Palma \u2013 Tel. <\/span><a href=\"http:\/\/feina.jovesilles.net\/contacto\/+34971176540\">971 17 65 40<\/a><span><br \/><\/span><span style=\"font-size: 13px\"><\/span><a href=\"mailto:treball@ibjove.caib.es\" target=\"_blank\" rel=\"noopener noreferrer\">treball@ibjove.caib.es<br \/><\/a><a href=\"http:\/\/infojove.caib.es\/\">infojove.caib.es<\/a><\/p>\n<p>[\/et_pb_text][\/et_pb_column][\/et_pb_row][et_pb_row _builder_version=\u00bb4.5.2&#8243; _module_preset=\u00bbdefault\u00bb][et_pb_column type=\u00bb4_4&#8243; _builder_version=\u00bb4.5.2&#8243; _module_preset=\u00bbdefault\u00bb][et_pb_code _builder_version=\u00bb4.5.2&#8243; _module_preset=\u00bbdefault\u00bb][\/et_pb_code][\/et_pb_column][\/et_pb_row][\/et_pb_section]<\/p>\n","protected":false},"excerpt":{"rendered":"<p>Centro Balear de Informaci\u00f3n y Documentaci\u00f3n para la Juventud Vel\u00f2drom Illes Balears \u2013 C\/ de l\u2019Uruguai, s\/n \u2013 07010 Palma \u2013 Tel. 971 17 65 40treball@ibjove.caib.esinfojove.caib.es<\/p>\n","protected":false},"author":1,"featured_media":0,"parent":0,"menu_order":0,"comment_status":"closed","ping_status":"closed","template":"","meta":{"_acf_changed":false,"_et_pb_use_builder":"on","_et_pb_old_content":"","_et_gb_content_width":"","footnotes":""},"class_list":["post-49311","page","type-page","status-publish","hentry"],"acf":[],"publishpress_future_workflow_manual_trigger":{"enabledWorkflows":[]},"_links":{"self":[{"href":"https:\/\/feina.jovesilles.net\/es\/wp-json\/wp\/v2\/pages\/49311","targetHints":{"allow":["GET"]}}],"collection":[{"href":"https:\/\/feina.jovesilles.net\/es\/wp-json\/wp\/v2\/pages"}],"about":[{"href":"https:\/\/feina.jovesilles.net\/es\/wp-json\/wp\/v2\/types\/page"}],"author":[{"embeddable":true,"href":"https:\/\/feina.jovesilles.net\/es\/wp-json\/wp\/v2\/users\/1"}],"replies":[{"embeddable":true,"href":"https:\/\/feina.jovesilles.net\/es\/wp-json\/wp\/v2\/comments?post=49311"}],"version-history":[{"count":5,"href":"https:\/\/feina.jovesilles.net\/es\/wp-json\/wp\/v2\/pages\/49311\/revisions"}],"predecessor-version":[{"id":49678,"href":"https:\/\/feina.jovesilles.net\/es\/wp-json\/wp\/v2\/pages\/49311\/revisions\/49678"}],"wp:attachment":[{"href":"https:\/\/feina.jovesilles.net\/es\/wp-json\/wp\/v2\/media?parent=49311"}],"curies":[{"name":"wp","href":"https:\/\/api.w.org\/{rel}","templated":true}]}}

<p>[et_pb_section fb_built=»1&#8243; _builder_version=»4.5.2&#8243; _module_preset=»default» custom_padding=»0px|||||»][et_pb_row column_structure=»2_5,3_5&#8243; _builder_version=»4.5.2&#8243; _module_preset=»default» custom_padding=»0px|||||»][et_pb_column type=»2_5&#8243; _builder_version=»4.5.2&#8243; _module_preset=»default» custom_padding=»24px|33px|22px|33px|false|true» border_width_right=»1px» border_color_right=»#bababa»][et_pb_image src=»http://feina.jovesilles.net/wp-content/uploads/2020/09/main-contact-logo.png» title_text=»main-contact-logo» _builder_version=»4.5.2&#8243; _module_preset=»default» custom_margin=»||||false|false» custom_padding=»||||false|false» border_color_right=»#bcbcbc»][/et_pb_image][/et_pb_column][et_pb_column type=»3_5&#8243; _builder_version=»4.5.2&#8243; _module_preset=»default»][et_pb_text _builder_version=»4.5.2&#8243; _module_preset=»default» text_font=»|300|||||||» text_font_size=»13px» link_text_color=»#000000&#8243; link_font_size=»14px» header_2_font=»||||||||» header_2_font_size=»18px» header_2_line_height=»1.2em» custom_padding=»|||26px|false|false»]</p>
<h2>Centro Balear de Información y Documentación para la Juventud</h2>
<p><span>Velòdrom Illes Balears – C/ de l’Uruguai, s/n – 07010 Palma – Tel. </span><a href="http://feina.jovesilles.net/contacto/+34971176540">971 17 65 40</a><span><br /></span><span style="font-size: 13px"></span><a href="mailto:treball@ibjove.caib.es" target="_blank" rel="noopener noreferrer">treball@ibjove.caib.es<br /></a><a href="http://infojove.caib.es/">infojove.caib.es</a></p>
<p>[/et_pb_text][/et_pb_column][/et_pb_row][et_pb_row _builder_version=»4.5.2&#8243; _module_preset=»default»][et_pb_column type=»4_4&#8243; _builder_version=»4.5.2&#8243; _module_preset=»default»][et_pb_code _builder_version=»4.5.2&#8243; _module_preset=»default»][/et_pb_code][/et_pb_column][/et_pb_row][/et_pb_section]</p>

<p>Centro Balear de Información y Documentación para la Juventud Velòdrom Illes Balears – C/ de l’Uruguai, s/n – 07010 Palma – Tel. 971 17 65 40treball@ibjove.caib.esinfojove.caib.es</p>
